t) = -t**3 + t. Let s(y) = -y**3 + 5*y**2 + 3*y + 1. Suppose -p = -5 + 4. Let k(l) = p*s(l) - 2*r(l). Give k(-5).
-4
Suppose -2*t + 2*o = 2*t - 18, 5*t + 2*o = 18. Let l(u) = 4*u**2 - 2 + 40374*u - 2*u**2 - 40378*u. Give l(t).
14
Let b(d) = -d**3 + 4*d**2 - 3*d + 1. Suppose -73*m - 31 = -177. What is b(m)?
3
Let l(g) = g**2 + 6*g + 7. Let x be l(-5). Let o be (5/x)/((-7)/(-14)). Let i(f) = f**2 - 6*f + 4. Determine i(o).
-1
Let p(r) = 12 + 3 - 6 + 3*r. Calculate p(4).
21
Let t be (-96)/(-72)*(0 + (-3)/(-1)). Suppose -32 = -t*i - 36. Let s(o) = -2*o - 1. Give s(i).
1
Let p be 7 + -7 - (-3 + 1). Let s(x) = x**2 + 7*x**p - 7*x - 6 - 1 - 7*x**2. Give s(8).
1
Let f(m) = 3*m + 2. Let r be f(-3). Suppose -2 = -x - 3. Let d(j) = j**2. Let t(y) = -7*y**2 - 7*y + 5. Let u(c) = x*t(c) - 6*d(c). Determine u(r).
-5
Let b(y) be the second derivative of -y**4/12 + 7*y**3/6 + 9*y**2 + 2*y + 240. Determine b(9).
0
Let g = 34 + -29. Suppose -3*x + 13 = n, -5 = n - 0. Let s(u) = x + 4*u - 12 + g. Give s(-1).
-5
Let y(p) be the third derivative of 0*p - 30*p**2 + 0 - 1/24*p**4 - 1/3*p**3. Give y(4).
-6
Let f(c) = -c**3 - 5*c**2 + 5*c - 5. Let p = 9 - 43. Let y be 4/(-12) - p/(-6). Calculate f(y).
1
Suppose -56 = -4*n + 12. Let t = -16 + n. Let h(p) = -t - 4*p - 1 - p**2 - 1. Calculate h(-4).
-3
Let p(z) = -z**3 - 4*z**2 - 2*z + 2. Let f(s) = -26*s - 20*s + 17 + 41*s. Let n be f(4). Give p(n).
-1
Let z(y) = 8*y**2 - 14*y + 22. Let c(l) = -l**2 - 2. Let o(b) = -7*c(b) - z(b). Give o(9).
37
Let b = 7 + -13. Let t be 3*b/(-27) - (-28)/(-6). Let k(a) = 5*a. Determine k(t).
-20
Suppose 9*i - 14*i + 20 = 0. Suppose d = i*f + 17, 5*f = 4*d - 0*d - 13. Let j(l) = l + 5. Give j(f).
0
Suppose -5*i + 0*i = 25. Let k(w) = -7*w + 5*w + 3*w + 6 + 0*w. Determine k(i).
1
Let z = 2064 - 2058. Let f(i) = -i**3 + 6*i**2 + 5*i - 7. Let p(l) = -1 + 1 - l. Let a(h) = f(h) + 6*p(h). Determine a(z).
-13
Let l(r) = -2*r**2 + 4*r**2 - r**2 + 0*r**2 - 8*r. Let y = -14 + 8. Let h = y - -12. Determine l(h).
-12
Let t(y) = -y**3 - 7*y**2 - 6*y. Let j(h) = -2*h + 22. Let n be j(-6). Suppose -5*c - n = -4. What is t(c)?
0
Suppose 12*h - 225 = 11*h. Suppose 0*u + h = 5*u. Suppose 2*v = 3*i + 7, -u = -5*v - 5*i - 15. Let n(w) = -w**2 + 5*w + 3. Determine n(v).
3
Let d(o) = o + 3. Let z(c) be the first derivative of -c**2 + 26*c + 21. Let f be z(15). What is d(f)?
-1
Let k = 22 + -31. Let u(n) = n**2 - 13*n - 10. Let c(s) = 3*s**2 - 27*s - 20. Let r(q) = 2*c(q) - 5*u(q). Determine r(k).
-8
Let r(u) = 630*u**3 + 0*u + 618*u**3 + 1 - 1259*u**3 - u. Suppose -3*n + 4 = 1. Determine r(n).
-11
Let i(t) be the first derivative of 1/2*t**2 + t + 14 + 4/3*t**3 - 1/4*t**4. Determine i(2).
11
Let g(q) = -q - 9. Let d(o) = -o**3 + 12*o**2 - 15*o + 34. Let v be d(11). Calculate g(v).
1
Let s(g) = 2*g**2 + 3*g - 38*g**3 - 4*g**2 + 2 + 39*g**3. Determine s(3).
20
Let l = 74 + -74. Suppose 4*o + l*o = 8. Let j(n) be the third derivative of -n**5/60 + n**4/12 + n**3/6 - n**2. Determine j(o).
1
Let u(k) be the first derivative of k**3/3 + 7*k**2/2 - 7*k + 34. Calculate u(-9).
11
Let h be 8/14 - 1104/(-28). Suppose -u - h = -6*u. Suppose -8*s + u = -6*s. Let y(w) = -w**3 + 3*w**2 + 4*w + 1. Calculate y(s).
1
Let o(k) = 5*k + 5. Let a(m) = 4*m + 4. Let l(t) = -6*a(t) + 5*o(t). Let b = 31 - 32. Give l(b).
0
Let i(d) = 17*d + 109. Let q(o) = -6*o - 39. Let g(f) = 4*i(f) + 11*q(f). Calculate g(-1).
5
Let b(c) = -4*c**2 + 28*c - 7. Let x(y) = 6*y**2 - 43*y + 11. Let n(d) = -8*b(d) - 5*x(d). What is n(4)?
-3
Let g(x) = -2*x**2 - 3*x + 1. Let j be 1 + 0 + (3 - 2). Let t(p) = -4 - p**j - 2 + 7 - 3*p**2. Let r be t(-1). What is g(r)?
-8
Let g be -3 - (-1)/((-3)/(-9)). Let a(x) = -x**2 - 4. Let w be a(g). Let c(h) = 2*h - 7. Let l(n) = -n + 1. Let m(z) = c(z) + 3*l(z). Calculate m(w).
0
Suppose 9*h + 8 = 11*h. Let v(n) = -n + 10. Let g(c) = -c + 5. Let k(s) = -5*g(s) + 2*v(s). What is k(h)?
7
Let j(h) = -7*h. Let c = 4 + 1. Suppose -6*w + 3*w = -6, 0 = c*i + w - 27. Let f be 7/6 - i/30. Determine j(f).
-7
Let n = -88 - -91. Let t(q) = -2*q - 9. Let b(v) = v + 3. Let a(z) = 17*b(z) + 6*t(z). Determine a(n).
12
Let u(g) = -9 - 4 + 5 - 2 + 4 + 3*g. Calculate u(4).
6
Let c(p) be the third derivative of -p**4/24 - p**3/3 + p**2. Let f = -835 - -832. What is c(f)?
1
Let w(k) be the first derivative of -k**3/3 + 7*k**2/2 - 9*k + 1. Let v = -633 - -640. Calculate w(v).
-9
Let b(d) = -3*d**2 - d + 3. Let y be (-11 + 10)/((-1)/(-3)). Let g(q) = -3*q**2 - q + 2. Let h(x) = y*g(x) + 2*b(x). Determine h(1).
4
Let x be -1 - (-30)/(-9)*(-6)/5. Let w(l) = l**2 - 4*l - 1. Calculate w(x).
-4
Let h = -2 + 1. Let l(q) = 7*q**3 - 1814 - 3*q - 3*q - q**2 + 1813 + 4*q. Calculate l(h).
-7
Let z(v) = -3*v**2 + v**2 + 3*v**2 - 3 - 3*v + 0*v. Let i(j) = -11*j + 258. Let q be i(23). Calculate z(q).
7
Let h(t) = t + 5. Let m(g) = -2*g - 14. Let i = -128 - -121. Let l(u) = i*h(u) - 2*m(u). Calculate l(-6).
11
Suppose 8 = -2*r - 2. Let i(o) = -o - 1. What is i(r)?
4
Suppose 46 = 11*m - 9. Let y(n) = 2*n**2 - 8*n - 12. Calculate y(m).
-2
Let t = 0 + 2. Let n(o) = -2*o**2 + 2*o + 2. Determine n(t).
-2
Suppose -9 = 4*s - 17. Let u(m) = -m + 6 + 4 + 0 - s*m. Give u(10).
-20
Let o(z) be the third derivative of -z**6/120 + z**5/10 + 5*z**3/6 - 6*z**2 + 2*z. Calculate o(6).
5
Let u be -15 - 88/(-8) - (-6 - 0). Let a(z) = -9*z + 4. Calculate a(u).
-14
Let u(f) = -f**2 + f + 2. Let d be 3/9*(-4)/((-12)/63). Let b be 6 + (d - 4)/(-1). Give u(b).
-4
Let t(j) = 7*j + 6*j - 6*j - 9 - 2*j**2 + 0 + 3*j**2. Calculate t(-6).
-15
Let v(l) = 2 + 25*l**2 - 27*l + 24*l + 14*l + l**3 - 6 - 17*l**2. Let u(t) = -t**2 + 4*t - 1. Let x be u(5). Determine v(x).
2
Let f(z) be the third derivative of -z**6/120 + 7*z**5/60 - z**4/24 - 5*z**3/6 + 4*z**2 - 6. What is f(7)?
-12
Let p = 45 + -23. Let v = p + -17. Let h(m) = -1 + m**2 - 7*m + 0*m + 8. Determine h(v).
-3
Suppose 0 = -4*b + 8*b - 32. Let x(r) = -6 + b - 2 + 2*r. Determine x(-2).
-4
Suppose 7*z = 2*z - 4*q + 246, z = -2*q + 48. Suppose 0*k = 3*k + m - 63, 2*k - z = 2*m. Let d(g) = -23 + k + 2*g - 5*g. Calculate d(1).
-4
Let o(s) = -4*s + 0*s - 2*s. Suppose 119 = -5*j + 19. Let g = j - -19. Give o(g).
6
Let j(s) be the second derivative of 0 - 2/3*s**3 + 9*s - 3/2*s**2. Determine j(-3).
9
Suppose 180 = 52*q - 34*q. Let j(v) = -v**3 + 10*v**2 + 3*v - 18. Determine j(q).
12
Let k(d) be the third derivative of d**4/24 - 7*d**3/2 - 3*d**2 + 46. Calculate k(-16).
-37
Let f(x) = 9*x - 23 + 0*x**2 - 2*x**2 - 23*x + 22 + x**2. Calculate f(-12).
23
Let r(u) = -u + 20 - 5*u - 2*u - 4*u**2 + 8*u**2 - 3*u**2. Calculate r(4).
4
Let n(h) = 2*h**3 - 2*h**2 - 2*h - 1. Let w be (2/3)/(2 - 80/45). Determine n(w).
29
Let y(h) = 5*h + 6. Let z(w) = -11*w - 13. Let u(s) = -9*y(s) - 4*z(s). Let t be ((-225)/(-10) + -3)/(1/(-2)). Let c be (-4)/(-6) + 182/t. Calculate u(c).
2
Let g = -4 - -10. Suppose 5*m + 2*z + 12 = g*z, m + 4*z - 12 = 0. Let p(b) = -b**3 + b**2 + 5. Determine p(m).
5
Let g(o) = o**2 + 6*o + 3. Suppose -3*f - 24 = 3*j, -f = -j - j + 8. Suppose -14 - 25 = 3*d. Let a = d - f. Calculate g(a).
-2
Let p(a) = -2*a**2 - a + 10. Let h be p(-3). Let w(l) = 3*l + 6. Determine w(h).
-9
Let z(o) be the third derivative of o**6/120 + 7*o**5/60 - o**4/8 - 3*o**3/2 - 2*o**2 - 76*o. What is z(-8)?
-49
Let d(w) be the third derivative of w**5/15 + w**4/12 - w**3/6 + 2*w**2 + 5*w. Let y be 5*-1 + 2 + 2. Let h be (0 - -2)*y/(-2). What is d(h)?
5
Let s = 2600 - 2600. Let f(j) be the second derivative of -1/12*j**4 + s + 2/3*j**3 - 3/2*j**2 + 3*j. What is f(5)?
-8
Suppose 0*k - 3 = -k - b, -b = -4*k - 3. Let c(t) be the second derivative of 13*t + 0 + 13/2*t**2 - 1/6*t**3. Calculate c(k).
13
Suppose -3*k + 855 - 225 = 0. Let g(f) = 2*f - 213 + k - f. What is g(7)?
4
Let v = -20 + 27. Let d(a) = 3*a**3 - 10 + v*a**2 + 2*a - 4*a**3 + 0*a. Determine d(7).
4
Let p(s) be the second derivative of -s**5/20 - 13*s**4/12 - 11*s**3/6 + 9*s**2/2 + 266*s. Give p(-12).
-3
Let l(q) = 146*q**3 - 7 + 4*q**2 - 286*q**3 + 2*q + 141*q**3. Give l(-5).
-42
Let p = 85 - 78. Let k be ((-2)/(-5))/(p/(40 + -5)). Let x(f) = -f**2 + 3*f - 2. Calculate x(k).
0
Let v(y) = -y + 1. Let i(x) = x. Let z(c) = -i(c) + 3*v(c). Let l(t) = t**2 - 2*t - 1. Let n be l(3). Suppose -1 = w +